ue
Does 16 divide 904400?
True
Does 36 divide 18686?
False
Does 44 divide 26620?
True
Is 1884 a factor of 2004576?
True
Does 34 divide 1261536?
True
Is 41 a factor of 2590421?
True
Is 72091 a multiple of 315?
False
Does 32 divide 45750?
False
Does 140 divide 84366?
False
Does 59 divide 1942457?
True
Is 44555 a multiple of 665?
True
Is 17 a factor of 34969?
True
Does 82 divide 7289438?
False
Is 680370 a multiple of 15?
True
Is 2002006 a multiple of 102?
False
Is 161161 a multiple of 7?
True
Does 10 divide 80218?
False
Is 6 a factor of 684079?
False
Is 391 a factor of 674675?
False
Is 20024 a multiple of 18?
False
Is 14 a factor of 6664?
True
Is 34 a factor of 62900?
True
Does 42 divide 733572?
True
Is 20880531 a multiple of 105?
False
Is 3367020 a multiple of 51?
True
Is 213 a factor of 158472?
True
Is 686780 a multiple of 92?
True
Is 3 a factor of 44887?
False
Is 12019 a multiple of 7?
True
Is 26971462 a multiple of 14?
True
Is 828628 a multiple of 34?
False
Is 55 a factor of 365867?
False
Does 520 divide 44608?
False
Is 124 a factor of 1264880?
False
Is 14 a factor of 38511?
False
Does 169 divide 3464595?
False
Does 188 divide 40721?
False
Does 8 divide 3812466?
False
Does 158 divide 1900424?
True
Is 201 a factor of 211251?
True
Is 22795 a multiple of 115?
False
Does 46 divide 6687388?
True
Is 3129266 a multiple of 15?
False
Is 37 a factor of 993682?
False
Does 16 divide 612881?
False
Is 59 a factor of 5235955?
True
Does 10 divide 1110788?
False
Is 4672 even?
True
Is 19 a factor of 484785?
True
Is 3844419 a multiple of 49?
False
Is 6 a factor of 466176?
True
Is 216 a factor of 3028752?
True
Is 313180 a multiple of 28?
True
Is 102488 a multiple of 40?
False
Is 8280692 a multiple of 683?
True
Is 7 a factor of 11214?
True
Is 17 a factor of 17153?
True
Does 6 divide 21153?
False
Does 21 divide 65793?
True
Does 393 divide 12922626?
True
Does 5 divide 240350?
True
Is 23 a factor of 5300385?
False
Is 62 a factor of 24870?
False
Does 2 divide 27672?
True
Is 1798299 a multiple of 462?
False
Does 12 divide 645840?
True
Does 34 divide 465494?
True
Is 68362 a multiple of 75?
False
Does 214 divide 219564?
True
Does 7 divide 81151?
True
Is 11467081 a multiple of 12?
False
Is 141 a factor of 2984455?
False
Is 2166018 a multiple of 153?
False
Is 15167 a multiple of 3?
False
Is 64121 a multiple of 123?
False
Is 5538841 a multiple of 77?
True
Is 59 a factor of 7080?
True
Is 955 a multiple of 30?
False
Does 6 divide 18360?
True
Is 212226 a multiple of 25?
False
Does 7 divide 1290870?
True
Does 17 divide 212162?
False
Is 143126 a multiple of 129?
False
Does 16 divide 1196080?
True
Does 63 divide 740919?
False
Does 72 divide 258381?
False
Is 8513 a multiple of 2?
False
Is 570636 a multiple of 3?
True
Is 160 a factor of 291200?
True
Is 1902914 a multiple of 26?
True
Does 158 divide 3421806?
True
Is 736295 a multiple of 617?
False
Is 5426461 a multiple of 14?
False
Is 13009500 a multiple of 900?
True
Does 83 divide 818131?
True
Is 861098 a multiple of 689?
False
Is 1989315 a multiple of 36?
False
Is 23968650 a multiple of 15?
True
Does 3 divide 10140?
True
Does 204 divide 18768?
True
Is 13 a factor of 699621?
True
Does 29 divide 394041?
False
Is 16 a factor of 1874763?
False
Is 228 a factor of 151847?
False
Is 7475307 a multiple of 193?
False
Is 203974 a multiple of 211?
False
Does 230 divide 15644830?
True
Is 74825 a multiple of 205?
True
Is 2593253 a multiple of 156?
False
Does 35 divide 13539498?
False
Is 57155 a multiple of 3?
False
Does 21 divide 392427?
True
Is 323 a factor of 5311305?
False
Does 537 divide 1398796?
False
Is 118 a factor of 189036?
True
Is 87 a factor of 62205?
True
Is 696876 a multiple of 55?
False
Is 128192 a multiple of 87?
False
Is 315971 a multiple of 107?
True
Is 99176 a multiple of 46?
True
Is 30712 a multiple of 109?
False
Does 54 divide 842373?
False
Is 29 a factor of 45362?
False
Does 19 divide 3468950?
False
Is 9174000 a multiple of 1529?
True
Is 60 a factor of 1423080?
True
Does 67 divide 20972?
False
Is 5627898 a multiple of 30?
False
Does 433 divide 10318?
False
Does 16 divide 5993990?
False
Is 158418 a multiple of 39?
True
Is 3087648 a multiple of 426?
True
Is 7 a factor of 47243?
True
Is 480 a factor of 5475289?
False
Is 128595 a multiple of 13?
False
Is 68 a factor of 30272?
False
Does 19 divide 2507088?
True
Does 174 divide 15618936?
True
Does 95 divide 118180?
True
Does 7 divide 6314917?
True
Does 36 divide 1576045?
False
Is 654109 a multiple of 17?
True
Is 43 a factor of 11207?
False
Is 485739 a multiple of 31?
True
Is 1611610 a multiple of 77?
True
Is 9773635 a multiple of 9?
False
Is 223531 a multiple of 15?
False
Does 8 divide 17148648?
True
Is 405 a factor of 509895?
True
Is 65886 a multiple of 278?
True
Does 173 divide 14406197?
False
Is 74683 a multiple of 25?
False
Does 25 divide 172462?
False
Is 4743588 a multiple of 602?
False
Does 49 divide 15092?
True
Does 11 divide 19462?
False
Is 111 a factor of 2063164?
False
Does 359 divide 77544?
True
Is 9442 a multiple of 81?
False
Is 224 a factor of 533078?
False
Is 150 a factor of 221751?
False
Is 6921049 a multiple of 927?
False
Is 170 a factor of 4591360?
True
Is 17 a factor of 278840?
False
Is 18 a factor of 76572?
True
Is 2436084 a multiple of 147?
True
Does 145 divide 748780?
True
Is 24 a factor of 2256029?
False
Is 306 a factor of 4216374?
True
Is 135328 a multiple of 1053?
False
Is 80 a factor of 4930?
False
Is 31 a factor of 157263?
True
Does 33 divide 86163?
True
Is 620587 a multiple of 15?
False
Is 660565 a multiple of 75?
False
Does 13 divide 292368?
False
Is 1435727 a multiple of 173?
True
Is 162152 a multiple of 4?
True
Does 97 divide 498289?
True
Is 6922524 a multiple of 244?
True
Is 18538018 a multiple of 24?
False
Is 1032822 a multiple of 49?
True
Is 3169732 a multiple of 716?
True
Is 51386 a multiple of 185?
False
Is 384269 a multiple of 6?
False
Is 589026 a multiple of 387?
False
Is 11 a factor of 273823?
True
Is 75 a factor of 277200?
True
Does 10 divide 1810326?
False
Is 7 a factor of 1127042?
True
Is 163 a factor of 601032?
False
Does 26 divide 9370?
False
Is 5 a factor of 18545?
True
Is 179 a factor of 61501?
False
Does 20 divide 6229?
False
Is 53466 a multiple of 42?
True
Is 723171 a multiple of 24?
False
Does 23 divide 16803697?
False
Is 398672 a multiple of 17?
False
Is 109632 a multiple of 76?
False
Does 66 divide 6194316?
False
Is 23456725 a multiple of 29?
False
Is 459 a factor of 19832808?
False
Is 66 a factor of 711018?
True
Does 26 divide 77652?
False
Is 14 a factor of 4120270?
True
Is 8117822 a multiple of 653?
False
Is 544444 a multiple of 94?
False
Is 254 a factor of 29227?
False
Is 108 a factor of 111888?
True
Is 1059168 a multiple of 354?
True
Does 58 divide 1064590?
True
Is 12324 a multiple of 3?
True
Does 45 divide 8326?
False
Is 1767528 a multiple of 98?
True
Is 81 a factor of 171882?
True
Is 7 a factor of 4759105?
False
Does 2002 divide 12079124?
False
Is 179 a factor of 154736?
False
Does 22 divide 30389?
False
Does 378 divide 10628797?
False
Does 13 divide 1080625?
True
Is 19 a factor of 10152688?
True
Is 1328874 a multiple of 190?
False
Is 74294 a multiple of 22?
True
Is 270 a factor of 367443?
False
Does 17 divide 139352?
False
Does 568 divide 966717?
False
Does 489 divide 4736149?
False
Does 516 divide 2919964?
False
Is 121 a factor of 5438224?
True
Is 74928 a multiple of 12?
True
Is 547 a factor of 108853?
True
Is 2 a factor of 3125?
False
Is 35 a factor of 14721070?
True
Is 4265 a multiple of 71?
False
Does 11 divide 26806?
False
Is 10 a factor of 436940?
True
Does 106 divide 50350?
True
Is 312 a factor of 5339378?
False
Does 31 divide 15066?
True
Is 7906912 a multiple of 916?
True
Is 9 a factor of 405872?
False
Does 80 divide 22320?
True
Does 65 divide 42371?
False
Is 83872 a multiple of 32?
True
Is 199067 a multiple of 522?
False
Is 33 a factor of 161601?
True
Does 11 divide 1936688?
False
Is 4 a factor of 68671?
False
Is 55 a factor of 4661020?
False
Is 59 a factor of 351817?
True
Does 698 divide 1892976?
True
Is 1173522 a multiple of 42?
True
Is 64806 a multiple of 21?
True
Is 56430 a multiple of 57?
True
Is 519 a factor of 4586728?
False
Is 7005730 a multiple of 10?
True
Is 417 a factor of 381972?
True
Is 5 a facto